108661.
2496
Calculate the remainder when 38344 is divided by 2974.
2656
What is the remainder when 18438462 is divided by 6145919?
705
What is the remainder when 574281 is divided by 148?
41
What is the remainder when 873956 is divided by 1267?
993
What is the remainder when 354511 is divided by 177254?
3
Calculate the remainder when 1988463 is divided by 81.
75
What is the remainder when 24438941 is divided by 24438872?
69
What is the remainder when 13205541 is divided by 132?
129
Calculate the remainder when 3670001 is divided by 159562.
75
What is the remainder when 743384 is divided by 2161?
0
What is the remainder when 20551 is divided by 6118?
2197
Calculate the remainder when 7284977 is divided by 3283.
0
What is the remainder when 1368749 is divided by 17?
11
What is the remainder when 2874217 is divided by 359270?
57
Calculate the remainder when 56252 is divided by 4097.
2991
What is the remainder when 12339003 is divided by 881357?
5
Calculate the remainder when 6938733 is divided by 43367.
13
Calculate the remainder when 620196 is divided by 4219.
3
What is the remainder when 13856 is divided by 244?
192
Calculate the remainder when 2878288 is divided by 1117.
896
What is the remainder when 101858 is divided by 830?
598
What is the remainder when 45053 is divided by 2889?
1718
What is the remainder when 76806 is divided by 352?
70
What is the remainder when 3152991 is divided by 1571?
1565
What is the remainder when 72014682 is divided by 12002446?
6
Calculate the remainder when 357651 is divided by 1225.
1176
Calculate the remainder when 3530 is divided by 215.
90
What is the remainder when 2030770 is divided by 3193?
22
Calculate the remainder when 1328668 is divided by 1328638.
30
What is the remainder when 11679996 is divided by 1020?
996
Calculate the remainder when 44047 is divided by 587.
22
What is the remainder when 245165 is divided by 5662?
1699
What is the remainder when 54439 is divided by 4859?
990
What is the remainder when 813458 is divided by 58081?
324
Calculate the remainder when 37482 is divided by 3430.
3182
Calculate the remainder when 1700199 is divided by 829.
749
What is the remainder when 311084023 is divided by 1095?
1093
What is the remainder when 95599 is divided by 31556?
931
Calculate the remainder when 3348638 is divided by 510.
488
What is the remainder when 341402 is divided by 48767?
33
What is the remainder when 348998 is divided by 119?
90
What is the remainder when 5705976 is divided by 1127?
1102
What is the remainder when 39955 is divided by 9916?
291
Calculate the remainder when 46133 is divided by 3383.
2154
Calculate the remainder when 26233 is divided by 2342.
471
What is the remainder when 10777794 is divided by 1197531?
15
Calculate the remainder when 47183337 is divided by 88524.
45
Calculate the remainder when 820654 is divided by 13909.
23
What is the remainder when 52731860 is divided by 2487?
2486
Calculate the remainder when 322198 is divided by 107042.
1072
Calculate the remainder when 187318 is divided by 80.
38
What is the remainder when 110352 is divided by 3942?
3918
Calculate the remainder when 3020030 is divided by 1509991.
48
What is the remainder when 4691409 is divided by 54?
51
Calculate the remainder when 587668 is divided by 2954.
2776
What is the remainder when 2232927 is divided by 395?
387
What is the remainder when 1029273 is divided by 325?
323
Calculate the remainder when 89530 is divided by 29656.
562
Calculate the remainder when 1824067 is divided by 67.
59
Calculate the remainder when 1002364630 is divided by 216.
214
Calculate the remainder when 205555 is divided by 25667.
219
Calculate the remainder when 838040877 is divided by 920.
917
What is the remainder when 148496 is divided by 37114?
40
Calculate the remainder when 69583121 is divided by 417.
416
What is the remainder when 536796 is divided by 1760?
1756
What is the remainder when 58634 is divided by 1110?
914
Calculate the remainder when 357999 is divided by 89354.
583
What is the remainder when 2916095 is divided by 1063?
286
Calculate the remainder when 16193186 is divided by 2.
0
Calculate the remainder when 930403 is divided by 310114.
61
Calculate the remainder when 18039 is divided by 2511.
462
What is the remainder when 59718270 is divided by 145?
20
Calculate the remainder when 2259858 is divided by 282411.
570
Calculate the remainder when 20546 is divided by 5464.
4154
Calculate the remainder when 471669 is divided by 951.
924
Calculate the remainder when 66468 is divided by 16500.
468
Calculate the remainder when 2372033 is divided by 360.
353
Calculate the remainder when 94742409 is divided by 5.
4
Calculate the remainder when 98471881 is divided by 49235930.
21
What is the remainder when 610487 is divided by 19076?
55
What is the remainder when 1451516 is divided by 120899?
728
Calculate the remainder when 43452 is divided by 10852.
44
What is the remainder when 505786 is divided by 4360?
26
Calculate the remainder when 11852498 is divided by 133174.
12
Calculate the remainder when 214399 is divided by 4.
3
Calculate the remainder when 395924639 is divided by 133.
131
What is the remainder when 3919764 is divided by 3919759?
5
Calculate the remainder when 114369 is divided by 1089.
24
What is the remainder when 23404 is divided by 22842?
562
Calculate the remainder when 83858 is divided by 148.
90
Calculate the remainder when 6506523 is divided by 2168838.
9
Calculate the remainder when 4451083 is divided by 6089.
24
What is the remainder when 156684 is divided by 113?
66
Calculate the remainder when 975024 is divided by 1738.
6
Calculate the remainder when 612145 is divided by 105.
100
What is the remainder when 34470269 is divided by 90?
89
What is the remainder when 134052 is divided by 44657?
81
What is the remainder when 36674626 is divided by 431466?
16
What is the remainder when 1592104 is divided by 5237?
56
Calculate the remainder when 2688502 is divided by 537698.
12
What is the remainder when 90823 is divided by 1536?
199
What is the remainder when 3524061 is divided by 28885?
91
What is the remainder when 631907 is divided by 4840?
2707
What is the remainder when 7101978 is divided by 49664?
26
What is the remainder when 27968964 is divided by 113?
108
What is the remainder when 16909134 is divided by 601?
600
Calculate the remainder when 1018421 is divided by 48496.
5
Calculate the remainder when 134288 is divided by 64211.
5866
Calculate the remainder when 44675651 is divided by 49.
48
Calculate the remainder when 234058 is divided by 42.
34
Calculate the remainder when 5664942 is divided by 71.
65
Calculate the remainder when 18083861 is divided by 70.
61
What is the remainder when 1357286 is divided by 74?
52
Calculate the remainder when 393204 is divided by 204.
96
Calculate the remainder when 866524 is divided by 41.
30
What is the remainder when 184955788 is divided by 50?
38
Calculate the remainder when 13201242 is divided by 1100103.
6
What is the remainder when 74755 is divided by 74564?
191
What is the remainder when 279487 is divided by 22845?
5347
What is the remainder when 386581 is divided by 83?
50
Calculate the remainder when 168809468 is divided by 416.
412
Calculate the remainder when 33077 is divided by 4008.
1013
Calculate the remainder when 1313365 is divided by 187557.
466
What is the remainder when 1752130 is divided by 584012?
94
Calculate the remainder when 7802560 is divided by 1950638.
8
What is the remainder when 8281926 is divided by 5503?
5414
What is the remainder when 255107 is divided by 6072?
83
What is the remainder when 21023912 is divided by 722?
716
What is the remainder when 522575 is divided by 261244?
87
Calculate the remainder when 1625359 is divided by 2746.
2473
What is the remainder when 52347747 is divided by 764?
759
What is the remainder when 2181807 is divided by 924?
243
What is the remainder when 21757 is divided by 3141?
2911
What is the remainder when 22183 is divided by 291?
67
What is the remainder when 37585060 is divided by 8275?
10
What is the remainder when 1244084 is divided by 148?
144
What is the remainder when 357635 is divided by 25527?
257
What is the remainder when 10931627 is divided by 43?
38
What is th